of 397186201?
2
What is the millions digit of 68757427?
8
What is the hundreds digit of 804403002?
0
What is the billions digit of 1427463672?
1
What is the thousands digit of 127068351?
8
What is the hundred millions digit of 5553769509?
5
What is the thousands digit of 135732123?
2
What is the ten thousands digit of 34926205?
2
What is the units digit of 45936427?
7
What is the millions digit of 129081387?
9
What is the units digit of 75258487?
7
What is the ten thousands digit of 3832294932?
9
What is the millions digit of 113639489?
3
What is the ten millions digit of 2344685418?
4
What is the units digit of 385674611?
1
What is the millions digit of 310669724?
0
What is the units digit of 2738068001?
1
What is the units digit of 418206130?
0
What is the ten thousands digit of 16139298?
3
What is the hundred millions digit of 155408006?
1
What is the hundreds digit of 2122475540?
5
What is the ten thousands digit of 147966694?
6
What is the hundreds digit of 92741571?
5
What is the thousands digit of 125934784?
4
What is the ten thousands digit of 2944467437?
6
What is the hundred millions digit of 858127964?
8
What is the millions digit of 47482261?
7
What is the units digit of 226205689?
9
What is the hundred millions digit of 181796236?
1
What is the ten millions digit of 37320243?
3
What is the hundred thousands digit of 28477056?
4
What is the hundred thousands digit of 35473501?
4
What is the hundred thousands digit of 116677252?
6
What is the ten thousands digit of 2292014469?
1
What is the hundreds digit of 39042424?
4
What is the ten millions digit of 55739882?
5
What is the hundreds digit of 416560442?
4
What is the thousands digit of 142011622?
1
What is the hundred thousands digit of 1820968124?
9
What is the tens digit of 768238473?
7
What is the units digit of 1132773226?
6
What is the billions digit of 1159713417?
1
What is the ten thousands digit of 20656125?
5
What is the ten millions digit of 60731073?
6
What is the hundred millions digit of 724532285?
7
What is the hundreds digit of 77476315?
3
What is the hundreds digit of 195436130?
1
What is the units digit of 61376154?
4
What is the hundred millions digit of 126941329?
1
What is the ten millions digit of 1717429718?
1
What is the millions digit of 2725878891?
5
What is the hundreds digit of 2127776?
7
What is the hundreds digit of 2006143534?
5
What is the millions digit of 981309110?
1
What is the tens digit of 1859100583?
8
What is the hundred millions digit of 359115123?
3
What is the tens digit of 53855108?
0
What is the tens digit of 120875603?
0
What is the units digit of 1568734927?
7
What is the units digit of 263348674?
4
What is the hundred thousands digit of 522447938?
4
What is the ten millions digit of 83472878?
8
What is the thousands digit of 197395619?
5
What is the ten thousands digit of 39344310?
4
What is the hundred millions digit of 336166616?
3
What is the ten thousands digit of 439573707?
7
What is the tens digit of 11086626?
2
What is the units digit of 173849242?
2
What is the units digit of 40670875?
5
What is the hundred thousands digit of 2011697115?
6
What is the millions digit of 29924571?
9
What is the units digit of 245169851?
1
What is the ten millions digit of 89583036?
8
What is the millions digit of 70537554?
0
What is the hundreds digit of 3864454291?
2
What is the hundred millions digit of 704468216?
7
What is the thousands digit of 58449436?
9
What is the millions digit of 1110188028?
0
What is the millions digit of 590238083?
0
What is the hundred millions digit of 110383153?
1
What is the ten thousands digit of 287325937?
2
What is the hundreds digit of 491754673?
6
What is the units digit of 144835768?
8
What is the millions digit of 1110611245?
0
What is the hundred thousands digit of 104016426?
0
What is the thousands digit of 43801381?
1
What is the hundred thousands digit of 937458028?
4
What is the millions digit of 375816645?
5
What is the thousands digit of 1674444592?
4
What is the hundreds digit of 53708707?
7
What is the hundred millions digit of 1419374940?
4
What is the units digit of 155650594?
4
What is the ten millions digit of 235175346?
3
What is the tens digit of 3309613893?
9
What is the hundred millions digit of 5572153706?
5
What is the units digit of 199656356?
6
What is the thousands digit of 4122340984?
0
What is the hundred thousands digit of 531187?
5
What is the hundred thousands digit of 329844487?
8
What is the millions digit of 36539397?
6
What is the thousands digit of 483463298?
3
What is the units digit of 61790366?
6
What is the tens digit of 508094226?
2
What is the thousands digit of 37867181?
7
What is the hundred millions digit of 820679441?
8
What is the ten thousands digit of 41268313?
6
What is the millions digit of 331870799?
1
What is the thousands digit of 721312915?
2
What is the ten millions digit of 20383541?
2
What is the hundreds digit of 43340062?
0
What is the millions digit of 475249678?
5
What is the thousands digit of 421246591?
6
What is the ten millions digit of 29234177?
2
What is the thousands digit of 224194320?
4
What is the millions digit of 103899867?
3
What is the hundred millions digit of 2985348714?
9
What is the hundred thousands digit of 945812292?
8
What is the thousands digit of 71259898?
9
What is the thousands digit of 31830487?
0
What is the millions digit of 485630563?
5
What is the tens digit of 1996634756?
5
What is the hundreds digit of 927402182?
1
What is the ten millions digit of 76138541?
7
What is the hundreds digit of 522344386?
3
What is the ten thousands digit of 8115766?
1
What is the ten millions digit of 1311931060?
1
What is the ten thousands digit of 695120342?
2
What is the millions digit of 4269343094?
9
What is the billions digit of 7666779688?
7
What is the tens digit of 19107986?
8
What is the ten thousands digit of 2837605200?
0
What is the hundred thousands digit of 377681036?
6
What is the units digit of 21547803?
3
What is the millions digit of 224178397?
4
What is the hundreds digit of 905239472?
4
What is the millions digit of 2002948642?
2
What is the units digit of 894472805?
5
What is the millions digit of 4405505544?
5
What is the hundred thousands digit of 13133733?
1
What is the hundred millions digit of 356820817?
3
What is the ten millions digit of 39119278?
3
What is the ten thousands digit of 312638?
1
What is the ten thousands digit of 1084139196?
3
What is the hundred thousands digit of 121080954?
0
What is the thousands digit of 1435908843?
8
What is the ten millions digit of 18815546?
1
What is the millions digit of 1333021920?
3
What is the millions digit of 1281097097?
1
What is the units digit of 36149010?
0
What is the millions digit of 123692352?
3
What is the hundred millions digit of 227218552?
2
What is the ten thousands digit of 3035360788?
6
What is the ten millions digit of 1844964557?
4
What is the units digit of 77430041?
1
What is the ten millions digit of 452566576?
5
What is the ten thousands digit of 1286084601?
8
What is the tens digit of 1108156821?
2
What is the ten millions digit of 227006915?
2
What is the ten millions digit of 41558020?
4
What is the thousands digit of 1716344107?
4
What is the hundred thousands digit of 177577106?
5
What is the hundreds digit of 44562449?
4
What is the hundreds digit of 94986367?
3
What is the ten millions digit of 33220303?
3
What is the ten thousands digit of 248326533?
2
What is the units digit of 506123489?
9
What is the tens digit of 70014234?
3
What is the hundred thousands digit of 2786718?
7
What is the thousands digit of 216940790?
0
What is the thousands digit of 19797591?
7
What is the hundred millions digit of 1395911292?
3
What is the hundred thousands digit of 31189384?
1
What is the hundreds digit of 55159744?
7
What is the hundred millions digit of 164988244?
1
What is the ten thousands digit of 427278068?
7
What is the hundred thousands digit of 1108693613?
6
What is the hundreds digit of 90409079?
0
What is the tens digit of 49456928?
2
What is the tens digit of 3600648?
4
What is the millions digit of 141234678?
1
What is the ten thousands digit of 1217501669?
0
What is the tens digit of 202378917?
1
What is the ten thousands digit o